{"id":61,"date":"2024-04-02T11:43:54","date_gmt":"2024-04-02T09:43:54","guid":{"rendered":"http:\/\/f4irx.com\/?page_id=61"},"modified":"2024-12-12T06:48:05","modified_gmt":"2024-12-12T05:48:05","slug":"presentation","status":"publish","type":"page","link":"http:\/\/www.f4irx.com\/wordpress\/index.php\/presentation\/","title":{"rendered":"Pr\u00e9sentation"},"content":{"rendered":"\n<div class=\"wp-block-columns is-layout-flex wp-container-core-columns-is-layout-28f84493 wp-block-columns-is-layout-flex\">\n<div class=\"wp-block-column is-layout-flow wp-block-column-is-layout-flow\" style=\"flex-basis:33.34%\">\n<figure class=\"wp-block-image\"><img decoding=\"async\" src=\"https:\/\/hamalert.org\/myspot?c=F4IRX&amp;h=b0dcf0f02eab00a1&amp;dark=1\" alt=\"\"\/><\/figure>\n<\/div>\n\n\n\n<div class=\"wp-block-column is-layout-flow wp-block-column-is-layout-flow\" style=\"flex-basis:45%\">\n<p><a href=\"https:\/\/www.hamqsl.com\/solar.html\" title=\"Click to add Solar-Terrestrial Data to your website!\"><img decoding=\"async\" src=\"https:\/\/www.hamqsl.com\/solar101vhf.php\"><\/a>  <\/p>\n<\/div>\n\n\n\n<div class=\"wp-block-column is-layout-flow wp-block-column-is-layout-flow\"><\/div>\n\n\n\n<div class=\"wp-block-column is-layout-flow wp-block-column-is-layout-flow\" style=\"flex-basis:33.33%\">\n<figure class=\"wp-block-image size-full is-resized\"><img loading=\"lazy\" decoding=\"async\" width=\"281\" height=\"272\" src=\"http:\/\/f4irx.com\/wordpress\/wp-content\/uploads\/2024\/12\/qrz.png\" alt=\"\" class=\"wp-image-428\" style=\"width:243px;height:auto\"\/><\/figure>\n<\/div>\n<\/div>\n\n\n\n<p>Je m&rsquo;appelle St\u00e9phane.<\/p>\n\n\n\n<p>Bonjour et merci de m&rsquo;avoir recherch\u00e9. J&rsquo;ai obtenu ma licence en Octobre 2020 avec l&rsquo;indicatif F4IRX. J&rsquo;ai d\u00e9cid\u00e9 de devenir radioamateur apr\u00e8s un int\u00e9r\u00eat pour les communications radio.<br>J&rsquo;aime op\u00e9rer sur diff\u00e9rentes bandes et plusieurs modes diff\u00e9rents. J&rsquo;aime la HF lorsque les conditions sont bonnes.<br>J&rsquo;aime aussi les op\u00e9rations VHF\/UHF locales en utilisant les r\u00e9p\u00e9teurs et le simplex.<br>J&rsquo;ai une station QO100 via Satellite ( SSB + Video )<\/p>\n\n\n\n<p>J&rsquo;ai une formation en informatique, donc les modes num\u00e9riques m&rsquo;ont attir\u00e9. Je suis g\u00e9n\u00e9ralement sur les bandes 40m, 20m 15m et 10m en FT8.<\/p>\n\n\n\n<p>Je pr\u00e9f\u00e8re utiliser eQSL et QRZ pour enregistrer et \u00e9changer les contacts.<br>Je suis membre du radio club de TEYRAN (F8KHR &#8211;&nbsp; https:\/\/f8khr.r-e-f.org\/ ) depuis le mois de Novembre 2019<br>Je commence une formation CW avec ON5CFT ( https:\/\/www.on5cft.com\/net-control-cw-on5cft\/ )<\/p>\n\n\n\n<p>Mon \u00e9quipement personnel se compose de<\/p>\n\n\n\n<p>Radios :<\/p>\n\n\n\n<pre class=\"wp-block-code\"><code>- La radio principale est un Yaesu FT710 AESS \n- HERMES LITE II \n- Yaesu FT857\n- Heathkit HW101\n- Heathkit SB100\n- YAesu FT102\n- Yaesu SB301\n- Heathkit HX 20\n- QCX Mini\n- Yaesu FT300\n- D4D Tranceiver\n- Baofeng UV5R\n- Quansheng \n- Adalm pluto \n- Minitouiner ( reception QO100 Video )\n- ATLAS 210X<\/code><\/pre>\n\n\n\n<p>Amplis :<br>  &#8211; Heathkit SB200<br>  &#8211; 50 Amp for QCX<\/p>\n\n\n\n<p>Antennes :<\/p>\n\n\n\n<p>2m\/70cm : Diamond X200<br>2m\/70cm : Diamond X5000<br>10\/15\/20m : Fritzel FB33<br>40m : 1\/2 Slopper<br>40m\/20m\/15m\/10m : G5RV 1\/2 Taille<\/p>\n\n\n\n<p>73 &#8211; Stephane F4IRX<br>HamShackOnline : 4200363<\/p>\n\n\n\n<p>CFT 278 &#8211; <a href=\"https:\/\/www.on5cft.com\/\">https:\/\/www.on5cft.com\/<\/a> <\/p>\n\n\n\n<p>Mise \u00e0 jour : Octobre 2024<\/p>\n\n\n\n<p><\/p>\n","protected":false},"excerpt":{"rendered":"<p>Je m&rsquo;appelle St\u00e9phane. Bonjour et merci de m&rsquo;avoir recherch\u00e9. J&rsquo;ai obtenu ma licence en Octobre 2020 avec l&rsquo;indicatif F4IRX. J&rsquo;ai d\u00e9cid\u00e9 de devenir radioamateur apr\u00e8s un int\u00e9r\u00eat pour les communications radio.J&rsquo;aime op\u00e9rer sur diff\u00e9rentes bandes et plusieurs modes diff\u00e9rents. J&rsquo;aime la HF lorsque les conditions sont bonnes.J&rsquo;aime aussi les op\u00e9rations VHF\/UHF locales en utilisant les [&hellip;]<\/p>\n","protected":false},"author":1,"featured_media":0,"parent":0,"menu_order":0,"comment_status":"closed","ping_status":"closed","template":"","meta":{"footnotes":""},"class_list":["post-61","page","type-page","status-publish","hentry"],"_links":{"self":[{"href":"http:\/\/www.f4irx.com\/wordpress\/index.php\/wp-json\/wp\/v2\/pages\/61","targetHints":{"allow":["GET"]}}],"collection":[{"href":"http:\/\/www.f4irx.com\/wordpress\/index.php\/wp-json\/wp\/v2\/pages"}],"about":[{"href":"http:\/\/www.f4irx.com\/wordpress\/index.php\/wp-json\/wp\/v2\/types\/page"}],"author":[{"embeddable":true,"href":"http:\/\/www.f4irx.com\/wordpress\/index.php\/wp-json\/wp\/v2\/users\/1"}],"replies":[{"embeddable":true,"href":"http:\/\/www.f4irx.com\/wordpress\/index.php\/wp-json\/wp\/v2\/comments?post=61"}],"version-history":[{"count":11,"href":"http:\/\/www.f4irx.com\/wordpress\/index.php\/wp-json\/wp\/v2\/pages\/61\/revisions"}],"predecessor-version":[{"id":429,"href":"http:\/\/www.f4irx.com\/wordpress\/index.php\/wp-json\/wp\/v2\/pages\/61\/revisions\/429"}],"wp:attachment":[{"href":"http:\/\/www.f4irx.com\/wordpress\/index.php\/wp-json\/wp\/v2\/media?parent=61"}],"curies":[{"name":"wp","href":"https:\/\/api.w.org\/{rel}","templated":true}]}}